culate the remainder when 17861 is divided by 2158.
597
What is the remainder when 33124 is divided by 125?
124
What is the remainder when 99062 is divided by 28?
26
What is the remainder when 37719 is divided by 287?
122
Calculate the remainder when 981 is divided by 187.
46
Calculate the remainder when 6779 is divided by 1658.
147
Calculate the remainder when 7883 is divided by 191.
52
What is the remainder when 9912 is divided by 144?
120
What is the remainder when 12523 is divided by 6258?
7
Calculate the remainder when 969407 is divided by 257.
3
Calculate the remainder when 563344 is divided by 63.
61
Calculate the remainder when 680807 is divided by 1461.
1442
What is the remainder when 496342 is divided by 68?
10
Calculate the remainder when 229084 is divided by 78.
76
What is the remainder when 12774 is divided by 6316?
142
Calculate the remainder when 4879 is divided by 1352.
823
What is the remainder when 39112 is divided by 17?
12
Calculate the remainder when 809242 is divided by 44.
38
What is the remainder when 842 is divided by 184?
106
What is the remainder when 7235632 is divided by 55?
52
Calculate the remainder when 169258 is divided by 182.
180
What is the remainder when 243123 is divided by 78?
75
Calculate the remainder when 21108 is divided by 72.
12
Calculate the remainder when 544 is divided by 49.
5
What is the remainder when 423694 is divided by 38516?
18
Calculate the remainder when 10583 is divided by 417.
158
What is the remainder when 1014 is divided by 1000?
14
What is the remainder when 9521 is divided by 106?
87
What is the remainder when 30292 is divided by 14?
10
What is the remainder when 1444 is divided by 207?
202
What is the remainder when 4361693 is divided by 65?
63
What is the remainder when 39321 is divided by 18?
9
What is the remainder when 21639 is divided by 150?
39
Calculate the remainder when 125620 is divided by 8.
4
Calculate the remainder when 12177 is divided by 6079.
19
What is the remainder when 4216 is divided by 78?
4
What is the remainder when 412768 is divided by 1?
0
What is the remainder when 6772 is divided by 2695?
1382
Calculate the remainder when 41382 is divided by 13791.
9
What is the remainder when 26317 is divided by 280?
277
Calculate the remainder when 36435 is divided by 775.
10
What is the remainder when 7365 is divided by 238?
225
Calculate the remainder when 2757 is divided by 337.
61
Calculate the remainder when 69773 is divided by 230.
83
What is the remainder when 3337 is divided by 3170?
167
What is the remainder when 2144 is divided by 166?
152
Calculate the remainder when 30105 is divided by 15048.
9
Calculate the remainder when 871 is divided by 79.
2
Calculate the remainder when 8367 is divided by 523.
522
Calculate the remainder when 437633 is divided by 109.
107
What is the remainder when 11756 is divided by 203?
185
What is the remainder when 709853 is divided by 193?
192
What is the remainder when 44143 is divided by 248?
247
Calculate the remainder when 613497 is divided by 750.
747
Calculate the remainder when 180213 is divided by 133.
131
Calculate the remainder when 2946 is divided by 255.
141
Calculate the remainder when 34670 is divided by 180.
110
Calculate the remainder when 191933 is divided by 10098.
71
Calculate the remainder when 362 is divided by 216.
146
What is the remainder when 4607 is divided by 4602?
5
Calculate the remainder when 5825 is divided by 182.
1
Calculate the remainder when 70077 is divided by 43.
30
Calculate the remainder when 15698 is divided by 23.
12
What is the remainder when 349298 is divided by 175?
173
Calculate the remainder when 23113 is divided by 403.
142
What is the remainder when 52073 is divided by 267?
8
What is the remainder when 4904 is divided by 536?
80
Calculate the remainder when 60315 is divided by 33.
24
Calculate the remainder when 3633 is divided by 240.
33
Calculate the remainder when 554 is divided by 526.
28
What is the remainder when 501241 is divided by 7?
6
What is the remainder when 1212 is divided by 516?
180
Calculate the remainder when 36850 is divided by 148.
146
What is the remainder when 11678 is divided by 5832?
14
Calculate the remainder when 20342 is divided by 29.
13
Calculate the remainder when 2674349 is divided by 849.
848
What is the remainder when 55814 is divided by 5071?
33
Calculate the remainder when 35368 is divided by 11756.
100
What is the remainder when 1081 is divided by 231?
157
Calculate the remainder when 10098 is divided by 400.
98
What is the remainder when 77166 is divided by 134?
116
What is the remainder when 2213 is divided by 427?
78
What is the remainder when 860 is divided by 62?
54
Calculate the remainder when 65052 is divided by 143.
130
Calculate the remainder when 2864 is divided by 65.
4
What is the remainder when 6931 is divided by 101?
63
Calculate the remainder when 142325 is divided by 188.
9
Calculate the remainder when 2168 is divided by 707.
47
What is the remainder when 25737 is divided by 38?
11
What is the remainder when 3287 is divided by 1628?
31
What is the remainder when 72894 is divided by 72794?
100
Calculate the remainder when 6951 is divided by 229.
81
What is the remainder when 177366 is divided by 177359?
7
What is the remainder when 1708 is divided by 41?
27
What is the remainder when 1931 is divided by 486?
473
Calculate the remainder when 955000 is divided by 13.
7
Calculate the remainder when 278695 is divided by 28.
11
Calculate the remainder when 2339 is divided by 212.
7
What is the remainder when 32107 is divided by 397?
347
What is the remainder when 17849 is divided by 776?
1
Calculate the remainder when 2332 is divided by 239.
181
What is the remainder when 34163 is divided by 6827?
28
What is the remainder when 1586 is divided by 397?
395
What is the remainder when 323698 is divided by 20?
18
What is the remainder when 6534 is divided by 6391?
143
Calculate the remainder when 3033553 is divided by 758385.
13
Calculate the remainder when 21404 is divided by 10596.
212
Calculate the remainder when 37041 is divided by 1122.
15
Calculate the remainder when 30029 is divided by 509.
507
Calculate the remainder when 709 is divided by 32.
5
Calculate the remainder when 47403 is divided by 182.
83
What is the remainder when 99546 is divided by 99531?
15
What is the remainder when 1014 is divided by 64?
54
What is the remainder when 85459 is divided by 61?
59
What is the remainder when 508 is divided by 504?
4
Calculate the remainder when 66775 is divided by 18.
13
What is the remainder when 69942 is divided by 23302?
36
What is the remainder when 3654 is divided by 1147?
213
What is the remainder when 1187695 is divided by 296921?
11
What is the remainder when 12927 is divided by 2148?
39
What is the remainder when 12741 is divided by 90?
51
Calculate the remainder when 7113 is divided by 141.
63
What is the remainder when 3183 is divided by 431?
166
What is the remainder when 1021723 is divided by 3059?
17
What is the remainder when 1532 is divided by 847?
685
Calculate the remainder when 2754 is divided by 2578.
176
What is the remainder when 767 is divided by 242?
41
What is the remainder when 139643 is divided by 98?
91
What is the remainder when 237 is divided by 99?
39
Calculate the remainder when 3553 is divided by 879.
37
What is the remainder when 6356 is divided by 2118?
2
What is the remainder when 5350 is divided by 1763?
61
Calculate the remainder when 9787 is divided by 72.
67
Calculate the remainder when 325160 is divided by 4645.
10
What is the remainder when 28743 is divided by 6889?
1187
Calculate the remainder when 11658 is divided by 54.
48
What is the remainder when 31251 is divided by 7754?
235
What is the remainder when 293722 is divided by 82?
80
What is the remainder when 2665 is divided by 94?
33
Calculate the remainder when 550521 is divided by 1472.
1465
What is the remainder when 10165 is divided by 32?
21
Calculate the remainder when 8190 is divided by 10.
0
Calculate the remainder when 229192 is divided by 126.
124
What is the remainder when 326733 is divided by 40841?
5
What is the remainder when 578294 is divided by 2304?
2294
Calculate the remainder when 21463 is divided by 2382.
25
Calculate 